
61, 1361
Let q be 36/4*(-9)/(162/(-4)). Let i be (1 - -9)*1/2. Suppose -i*s = 20, -j = q*s - 20 - 21. What are the prime factors of j?
7
Suppose 4*r = 4*o + 18548, 4*r + 15*o - 20*o - 18551 = 0. List the prime factors of r.
2, 7, 331
What are the prime factors of 16/6*6/4*816550/280?
5, 2333
Let x = 5650 + -710. List the prime factors of x.
2, 5, 13, 19
Let w = 0 - -307. Suppose -2*q = -2*n - w - 41, 0 = 3*q + 5*n - 490. What are the prime factors of q?
2, 5, 17
Suppose 2*l + 5*z = 31, 0 = -3*l + 5*l + 2*z - 16. List the prime factors of (2 + 638/8)/(l/16).
2, 109
Suppose 0 = -k - 3*u - 31 + 72, 3*u + 295 = 5*k. Suppose 4*t = -2*l + 64, k*l - 54*l + 5*t = 64. What are the prime factors of l?
2
Let i(g) = g**3 - 25*g**2 - 28*g + 63. Let q be i(26). Suppose 4*h = -q - 1, -5*k + 6542 = -4*h. What are the prime factors of k?
2, 653
Let n(k) = -144*k - 268. Let b be (-3)/((-9)/22)*(-66)/44. List the prime factors of n(b).
2, 7, 47
Suppose 101*f - 93*f = 5864. List the prime factors of f.
733
Let a = 10771 - 10660. Let c(x) = 2*x - 1. Let s be c(2). Suppose s*i = -2*v + a - 10, -5*i = -v + 70. What are the prime factors of v?
5, 11
Suppose 279*z - 173*z = 2497254. What are the prime factors of z?
3, 7853
Suppose 243*z = 104*z + 548494. List the prime factors of z.
2, 1973
Suppose 21*t - 56204 = 446578. What are the prime factors of t?
2, 11971
Suppose -2*y = -6*h + 7*h + 1, -5*y = 5*h + 15. Suppose 6 = -y*r, 0 = -i - i - 5*r + 1721. What are the prime factors of i?
2, 7, 31
Suppose 5*t - 4*h = 314507, 4*h = 2*t - 100204 - 25606. List the prime factors of t.
31, 2029
Let q = 80497 + -27306. List the prime factors of q.
43, 1237
Suppose -5*y = 5*a - 60, 3*y + 22 = 4*y + 3*a. Let w(p) = p**3 + 20*p**2 + 13*p - 27. What are the prime factors of w(y)?
19, 73
Suppose -2 = -0*u + 2*u, 0 = -5*b - 4*u - 9. Let w be (-93)/21 + 9/21 - b. List the prime factors of 1/(w*(-2)/90).
3, 5
Let v = 2071 + -1310. Suppose -261 = 5*f - v. List the prime factors of f.
2, 5
Suppose 0 = -5*z + 5*m + 5800, 6*z - 10*z = 5*m - 4649. Suppose -4*h + 3*v + z = -532, -4*v = 2*h - 830. What are the prime factors of h?
421
Let a = -209 - -714. Let u be (a/15 + -3)*6. Let b = u - 31. List the prime factors of b.
3, 17
Let u(b) = b**3 - 17*b**2 + 2*b - 23. Let p be u(17). Let v = p - -26. List the prime factors of v.
37
Let d(a) = -3*a + 403 - 424 + 0*a. Let v be d(-7). Suppose v = q - 30 + 15. What are the prime factors of q?
3, 5
Let d be 0 + 3/9 + 4098/(-9). Let b = d - -644. Let y = -67 + b. What are the prime factors of y?
2, 61
Let j(i) be the third derivative of i**6/120 + i**5/5 - i**4/3 + 17*i**3/6 - 13*i**2. Let d be j(-13). Let m = d + 65. List the prime factors of m.
17
Suppose 0 = -c + 15 - 5. Suppose 0 = c*m - 11*m - 90. Let v = m + 144. List the prime factors of v.
2, 3
Let w(d) = -d**3 + 22*d**2 - 14*d - 12. Suppose -3*l - 98 + 161 = 0. What are the prime factors of w(l)?
3, 5
Let v = 53 + -29. Let t = -709 - -714. Let z = v - t. List the prime factors of z.
19
Let n(b) = b**3 - 8*b**2 - 3*b + 24. Let d be n(8). Suppose -6*x + 1455 + 969 = d. List the prime factors of x.
2, 101
Suppose 3*b = -30 + 66. Suppose -2*j = -b*j + 6060. List the prime factors of j.
2, 3, 101
Suppose -3*k - 112 = -7*k. Suppose k*a = 13*a + 16*a. Suppose -5*q - 597 = -4*s, -3*s + 3*q + 397 + 53 = a. List the prime factors of s.
3, 17
Suppose 2*z + 2*g = 24, -2*g = -4*z - g + 68. Let y(s) = -s**3 + 17*s**2 + 11*s - 37. List the prime factors of y(z).
5, 79
Let h = -11301 + 16205. List the prime factors of h.
2, 613
Let u(o) be the third derivative of o**6/40 - o**5/30 + o**4/12 + 4*o**2 - 5*o. List the prime factors of u(5).
5, 67
Let s = -42100 + 11972. List the prime factors of s/(-144) - 2/9.
11, 19
Let y = 37 - 34. Suppose 3*b = -0*d - 5*d + 38, -y*d = b - 18. Suppose -160 = -5*g - 5*q, 0 = b*g - g - 4*q - 151. What are the prime factors of g?
31
Let o(q) = -410*q + 508. List the prime factors of o(-34).
2, 3, 7, 43
Suppose -17*y + 4119 = -522. List the prime factors of y.
3, 7, 13
Suppose 16*d = -4*q + 18*d + 296, -4*d - 292 = -4*q. Suppose q*y - 55*y - 15420 = 0. List the prime factors of y.
3, 257
Let a(v) = 6*v**2 + 2*v + 32. Let d(w) = -5*w**2 - 4*w - 31. Let t(s) = -3*a(s) - 4*d(s). List the prime factors of t(-6).
2, 5
Let x = -303 + 303. Suppose -4*w - 5*s = -w - 405, -2*w + 4*s + 270 = x. List the prime factors of w.
3, 5
Suppose 235 = y + 5*w, -5*y + 3*w - w + 1256 = 0. What are the prime factors of ((-144)/90)/((-4)/y)?
2, 5
Let o(r) be the third derivative of 0 + 0*r + 67/24*r**4 + 10/3*r**3 - 41*r**2. List the prime factors of o(2).
2, 7, 11
Let g(l) = l**3 + 3*l**2 - 4*l + 3. Let z be g(-4). Suppose -3*c + 3*c - z*c = 0. List the prime factors of (-3 + 51)/(1 - c).
2, 3
Let j be 445*1*((-12)/4 - -2). Let l = -82 - j. Suppose -2*t - q = -l, -19 - 167 = -t - 2*q. What are the prime factors of t?
2, 3, 5
What are the prime factors of 0 - -10 - (-2 - 9254)?
2, 41, 113
Let n(b) = -b**3 + 6*b**2 - 8*b + 20. Let o be n(5). Suppose 0 = -4*i + o*w + 113, -6*i - w = -i - 134. What are the prime factors of i?
3
Suppose -3*s - 5*n = -18, -2*n = -0*s - 2*s + 12. Suppose -3*b = -3*c - 6*b + s, -3*b = 2*c - 6. Suppose 8*v - 14*v + 456 = c. What are the prime factors of v?
2, 19
Suppose 0 = 18*r + 4*r - 79640. Suppose r = 117*a - 113*a. What are the prime factors of a?
5, 181
Suppose 0 = -598*b + 593*b - 5*g + 167025, 0 = -2*b + 2*g + 66810. List the prime factors of b.
3, 5, 17, 131
Let m(r) = 4502*r**2 - 230*r + 439. List the prime factors of m(2).
17987
Suppose 13*g - 3318 = -11729. Let k = g - -1147. What are the prime factors of k?
2, 5
Suppose -8*i + 262 - 2718 = 0. Let c = -48 - i. What are the prime factors of c?
7, 37
Let q be (-16)/6*(-45)/30. Let i = -204 + 243. Suppose i - 395 = -q*s. List the prime factors of s.
89
Let g = 42 + -40. Let p be (20/g)/(-5) - -86. Let h = 133 + p. List the prime factors of h.
7, 31
Let k(s) be the second derivative of -5/6*s**3 - 11/2*s**2 + 3*s + 3/4*s**4 + 1. List the prime factors of k(-2).
5, 7
Suppose -o - c = -6493 - 884, 0 = 2*c - 6. What are the prime factors of o?
2, 3, 1229
Let a = 743 + -744. List the prime factors of (-449)/((8/(-3))/(-4) + a).
3, 449
Suppose -5*q = -5, -4*y + 0*q + 626 = 2*q. Suppose 0 = -4*v + g - y, -2*v - 84 = -0*v + g. Let o = v - -71. List the prime factors of o.
31
Let p(v) = 88*v + 703. Let c be p(-8). Suppose -2*f + 1 = 5. What are the prime factors of (2 - c/(-3))*(-6)/f?
5
Suppose -187*g + 15873 = -174*g. Let b = g - 475. List the prime factors of b.
2, 373
Suppose 60*t = 78*t - 576. Suppose t*l - 21*l - 3377 = 0. What are the prime factors of l?
307
Let u(x) = 4*x**3 - 4*x**2 + 31*x. Let q be u(13). Suppose -14*a + q = -a. What are the prime factors of a?
5, 131
Suppose -19486 = -2*t + p - 2241, 5*t - 3*p = 43113. What are the prime factors of t?
2, 3, 479
Suppose -36*p + 31*p = 120. Let a be (16 + p)/((-2)/9). List the prime factors of ((-4)/6)/(a/(-5454)).
101
Suppose m - 3*a = 5, -13*m - 2*a + 76 = -9*m. Suppose -m*s + 356 + 324 = 0. What are the prime factors of s?
2, 5
Let l(v) = 3*v - 7. Let g = -7 + 7. Let w be l(g). List the prime factors of w + 65 - (-1 + -3).
2, 31
Let b = 439 - 411. What are the prime factors of (-1245)/12*b/(-7)?
5, 83
Suppose 0 = -5*j - v - 1637, j + 2*v = -222 - 100. Let k = j - -864. List the prime factors of k.
2, 67
Suppose -s + 18480 = 3*f - 11886, -4*f = -2*s - 40488. List the prime factors of f.
2, 3, 7, 241
Let r(f) = -6 + f**2 - 9 + 936*f - 946*f. Let t be 60/9*(-24)/(-10). List the prime factors of r(t).
3
Let h be 251 + 13 + (2 - (2 - 2)). Suppose -h = -2*d + 910. What are the prime factors of d?
2, 3, 7
Suppose -h = 5*f + 36, 20*f - 16*f = -3*h - 31. Let l be 47/((-2)/30 + 0). What are the prime factors of h/3 - l/9?
2, 3, 13
Let o(i) = -i**2 - 15*i + 2. Let b be o(-15). Suppose 3*q - 13 - 129 = -b*l, 5*q - l = 254. List the prime factors of q.
2, 5
Let g(z) = 474*z**3 + 12*z**2 + 5*z + 23. What are the prime factors of g(5)?
2, 3, 7, 11, 43
Let f(n) be the second derivative of n**5/10 + 23*n**4/12 + 13*n**3/3 + 15*n**2/2 + 31*n. What are the prime factors of f(-10)?
5, 11
Let z = -10833 - -15439. What are the prime factors of z?
2, 7, 47
Suppose 0 = -63*v + 59*v +